48 + 1. Calculate the remainder when m is divided by 10.
9
Let h = 2 - -27. What is the remainder when h is divided by 16?
13
Let c(g) = 25*g. What is the remainder when c(2) is divided by (-2)/5 - 87/(-5)?
16
What is the remainder when 0 - 7/(-2)*8 is divided by 17?
11
Let s = -1 - -3. Suppose 0 = -p - 4*z - 1, 2*p + 3*p + 3*z - 12 = 0. What is the remainder when 6 is divided by p + (s + -1)*1?
2
Suppose 15 = 4*h - h. Calculate the remainder when (15/6)/((-1)/(-4)) is divided by (0 + -1 - 0) + h.
2
Let y(w) = -9*w**3 + w - 1. Let i be y(1). Let v = 28 + i. What is the remainder when 55 is divided by v?
17
Let p = 2 + -11. Let j(r) = -r**2 - 5 + 0*r**2 - 2 - 11*r + 0*r**2. Calculate the remainder when 21 is divided by j(p).
10
What is the remainder when 1*((-2 - 2) + 27) is divided by 9?
5
Let i be ((-15)/(-6))/(3/6). Let b(g) = g**3 - 4*g**2 - 6. Calculate the remainder when b(i) is divided by 11.
8
Let q = 108 + -66. Suppose -38*l + 36*l = -30. Calculate the remainder when q is divided by l.
12
Let k = 58 + -52. What is the remainder when 10 is divided by k?
4
Let c be 118/4 + 2/4. Suppose -3*h = -6*h + c. What is the remainder when 29 is divided by h?
9
Let h = -25 + 28. What is the remainder when 7 is divided by h?
1
Suppose -8 + 3 = 5*t. Let a = 12 - t. Calculate the remainder when 50 is divided by a.
11
Suppose -33 = -2*n - 3*j, 1 = 4*j - 3. Calculate the remainder when 28 is divided by n.
13
Calculate the remainder when 167 is divided by (-1 + 160)/3 - -3.
55
Suppose -4*i + 4 = -0*i. What is the remainder when 2 is divided by i?
0
Suppose i - 4*t = -3, i + 4*t - 15 - 14 = 0. Suppose r + 3 = 2*j + 8, -5*r = -2*j - 9. What is the remainder when i is divided by (5 + r)/3 - -3?
3
Suppose 2*t + 2 = 3*a - a, -3*t - 5*a + 13 = 0. What is the remainder when 2 is divided by t?
0
Let l be -3 + 9/(18/40). Suppose w - 16 = l. Let i(u) = 5*u**2 - 2*u + 1. Calculate the remainder when w is divided by i(2).
16
Let t = 36 - 23. What is the remainder when t is divided by 10?
3
Let o = 15 + -12. Suppose 7*r - o*r - 132 = 0. Calculate the remainder when r is divided by 12.
9
Suppose 0 = -s - 8 + 31. Let z = 15 + 28. Calculate the remainder when z is divided by s.
20
Let l be 3/(-6)*(-2)/(-1). What is the remainder when (0 - 2) + 12/1 is divided by (1 + (-5 - 2))/l?
4
Let j(h) = -17*h**3. Suppose r = 4*r - 99. What is the remainder when r is divided by j(-1)?
16
Let x(s) = 2*s + 51. Calculate the remainder when x(0) is divided by 18.
15
Let o = 2 + 5. Let i = -10 + 11. Let c = i - -1. Calculate the remainder when o is divided by c.
1
Suppose 2*l - 1 = o, o = -2*l - 7 + 18. Calculate the remainder when 13 is divided by o.
3
Let m be (0/(-1))/(2 + -1). Suppose 5*b = -m*i + i - 28, 3*i - 3*b = 72. What is the remainder when i is divided by ((-1)/2)/(1/(-24))?
11
Let u(s) = s**3 - 4*s**2 + 5. Let p be u(4). Let i(r) = r + 4. What is the remainder when 16 is divided by i(p)?
7
Let x = 3 + -3. Let m = x - -3. Suppose -m*a + 0 = -6. Calculate the remainder when a is divided by 1.
0
Suppose -d = -0*g - 4*g + 11, 38 = 2*d + 4*g. Suppose 0 = -3*y - d + 111. What is the remainder when y is divided by 12?
10
Suppose 5*j - 30 = 4*b, 2*j = -2*b - 5 - 1. Let q be (-2)/b - 7/5. Calculate the remainder when (-2)/(q/(7 + 1)) is divided by 6.
4
Let h(i) = -i**3 - 2*i**2 + 4*i. Let d be h(3). Suppose 0*v = -5*l + 2*v + 75, 5*l = 4*v + 75. Calculate the remainder when l is divided by 9/(-36) + d/(-4).
7
Suppose -3*x - 7*u + 41 = -3*u, 3*u = 6. What is the remainder when 33 + 1*(-2)/2 is divided by x?
10
Suppose 3*z = -192 - 72. Let p = z - -46. Let v = -13 - p. Calculate the remainder when v is divided by 10.
9
Calculate the remainder when 3 + -6 + (-1)/(-1) - -58 is divided by 12.
8
Let l(x) = 2 + 2*x - 1 - 5*x. Calculate the remainder when ((-2)/4)/(1/(-38)) is divided by l(-3).
9
Let a = 3 - 2. Suppose 10*n - 6*n - 4 = 0. Calculate the remainder when n is divided by a.
0
Suppose 2*g + 2*g = 88. What is the remainder when 41 is divided by g?
19
What is the remainder when 165 is divided by (-6)/(-4)*(-868)/(-31)?
39
Suppose s = -4*i + 169, 5*i - 113 - 87 = -5*s. Calculate the remainder when i is divided by 2/4 - 63/(-6).
10
Let r = -25 + 45. Let p(q) = 20 + q - r. Calculate the remainder when 17 is divided by p(6).
5
Suppose -3*d = d - 24. Calculate the remainder when 17 is divided by d.
5
Suppose 0 = -3*x - 4*h + 31, -4*x = -4*h - 65 - 23. Suppose 0 = 4*z + 5*j - 83 - 44, 3*j - 63 = -2*z. What is the remainder when z is divided by x?
16
Let d be 4/1 - 4 - -35. What is the remainder when 10/d - (-204)/21 is divided by 5?
0
Let n = -7 - -33. Suppose -3*p + 15 = -y, -5*p + 5*y = -6 - 9. Suppose -3*g = -p*g - 3*j + 150, -4*j + 149 = 3*g. What is the remainder when g is divided by n?
25
Suppose -2*z = z + 2*n - 22, n = z - 14. Suppose 0 = 2*c - z - 8. Calculate the remainder when (-2)/c + (-200)/(-9) is divided by 8.
6
Suppose -4*b - 2*p = -5*p - 488, -4*b = -2*p - 484. Calculate the remainder when b is divided by 30.
29
Let w(o) = -6*o - 4. Let t(j) = -6*j - 3. Let i(x) = 6*t(x) - 5*w(x). Let d = -61 + 88. What is the remainder when d is divided by i(-2)?
13
Suppose -2*u + 12 = -0*u. Suppose 3*f + 3 = u. Calculate the remainder when 1 is divided by f.
0
Let l(c) = 12*c + 10. Calculate the remainder when l(4) is divided by 12.
10
Suppose -4*q + 3*w = -12, 4*q + 5*w - 12 = w. Let l(g) = g + 3 + 0*g**3 - 3*g**2 + 0*g**3 - 2*g**q. What is the remainder when 79 is divided by l(-3)?
25
Let j = -12 - -18. Suppose n - 30 + 28 = 0. Calculate the remainder when j is divided by n.
0
Suppose -3*d + 8*d + 2*x - 66 = 0, 33 = 3*d - x. Calculate the remainder when 44 is divided by d.
8
Calculate the remainder when 0/(-9) - -1*29 is divided by 11.
7
Let w(h) be the third derivative of -h**6/120 + h**4/12 + h**3/6 + 4*h**2. Let a be (-2)/8 - (-14)/(-8). What is the remainder when w(a) is divided by 3?
2
Let r be 0 + 2/(-1) + 6. Suppose 2*l = r, 0*y + 2*y = -3*l + 10. Calculate the remainder when (-26)/5*(-5)/y is divided by 5.
3
Let i = 43 + -36. Calculate the remainder when i is divided by 3.
1
Let q be (3/6)/(3/12). Suppose q*h = 16 + 34. Let t = -2 - -15. What is the remainder when h is divided by t?
12
Suppose o - 18 = -3*d, -42 = -4*o - 5*d - 5. Suppose -17 = -o*a + 25. What is the remainder when a is divided by 6?
2
Let w be 20/6*(-48)/10. Let f = w + 31. What is the remainder when 59 is divided by f?
14
Suppose -23 = -4*m - 7. Suppose v = m*h - 63, h + 4*h - 81 = 2*v. Let c(q) = q**2 - 6*q + 8. What is the remainder when h is divided by c(6)?
7
Let l(o) = 2*o**3 - 3*o**2. Let r be (2/7)/(2/14). Calculate the remainder when 11 is divided by l(r).
3
Let r = -12 + 37. What is the remainder when 74 is divided by r?
24
Let q = 10 + 6. Let m(j) = j**2 + j. What is the remainder when m(5) is divided by q?
14
What is the remainder when 47 is divided by (-112)/(-12) + (-2)/(-3)?
7
Let x = 29 + -15. What is the remainder when 54 is divided by x?
12
Let v(b) = -b**3 + 3*b**2 - b. Let w = 6 + -3. Calculate the remainder when w is divided by v(2).
1
Calculate the remainder when 52 is divided by (-17)/(-2) - 1/(-2).
7
Suppose 4*h = 856 - 28. Calculate the remainder when h is divided by 52.
51
Let s(b) = -b**2 - 12*b - 5. What is the remainder when 44 is divided by s(-10)?
14
Suppose 3*g = u - 113, 0*g - 5*g = -25. Suppose -5*r + u = -r. What is the remainder when r is divided by 17?
15
Let d be ((-6)/(-15))/((-2)/(-10)). Let c(b) = 5*b + d + 1 - 2. What is the remainder when c(8) is divided by 14?
13
Let c be 20/(-6)*(-6)/4. Calculate the remainder when -2 - (-1)/(1/c) is divided by (-4)/(-16) + 3/4.
0
Suppose 5*m = 13 + 7. What is the remainder when 13 is divided by m?
1
Let h(d) = d + 60. What is the remainder when h(0) is divided by 21?
18
Let l = 29 + 39. What is the remainder when l is divided by 18?
14
Let y(c) be the first derivative of c**3/3 - c**2 + 4*c + 1. What is the remainder when y(-3) is divided by 5?
4
Let c(b) = 16*b**2 + 2*b + 2. Calculate the remainder when 26 is divided by c(-1).
10
Let v = 157 - 87. Suppose -2*h + v = 3*h. Suppose -2*g + h = -0*g. Calculate the remainder when g is divided by 4.
3
Suppose 3*z = 5*i - z - 33, i = 5*z + 15. Let a(u) = -15*u**2. Let s be a(-1). Ca